119
Calculate the remainder when 113520263 is divided by 403.
402
Calculate the remainder when 10530268 is divided by 1316269.
116
What is the remainder when 405774248 is divided by 26?
22
Calculate the remainder when 9349848 is divided by 1558302.
36
Calculate the remainder when 230954109 is divided by 64.
61
What is the remainder when 1498462 is divided by 5079?
157
What is the remainder when 3681912 is divided by 1227294?
30
Calculate the remainder when 10626114 is divided by 130.
44
Calculate the remainder when 47832 is divided by 2967.
360
What is the remainder when 252765 is divided by 4016?
3773
What is the remainder when 1254745 is divided by 89496?
1801
What is the remainder when 319552 is divided by 3631?
24
What is the remainder when 352239369 is divided by 983?
979
What is the remainder when 943595115 is divided by 18?
15
Calculate the remainder when 8443797 is divided by 127.
75
What is the remainder when 11521 is divided by 614?
469
Calculate the remainder when 369828 is divided by 1541.
1529
Calculate the remainder when 9861348 is divided by 581.
35
Calculate the remainder when 157121327 is divided by 157121325.
2
What is the remainder when 214006 is divided by 8910?
166
What is the remainder when 8476353 is divided by 1786?
1783
Calculate the remainder when 343437 is divided by 114001.
1434
Calculate the remainder when 853511 is divided by 99.
32
Calculate the remainder when 1147972 is divided by 656.
628
Calculate the remainder when 85612137 is divided by 65.
52
What is the remainder when 416301 is divided by 208148?
5
Calculate the remainder when 417466 is divided by 208661.
144
What is the remainder when 1032981 is divided by 172160?
21
Calculate the remainder when 11623488 is divided by 58.
56
Calculate the remainder when 386780 is divided by 55228.
184
What is the remainder when 15537105 is divided by 4670?
15
Calculate the remainder when 14553 is divided by 7194.
165
What is the remainder when 18855365 is divided by 13094?
5
What is the remainder when 28686 is divided by 5731?
31
Calculate the remainder when 475136 is divided by 20658.
2
What is the remainder when 1550868 is divided by 155086?
8
What is the remainder when 2548312 is divided by 266?
32
What is the remainder when 140015508 is divided by 712?
708
Calculate the remainder when 571892 is divided by 293.
249
What is the remainder when 371929 is divided by 46490?
9
Calculate the remainder when 1126733 is divided by 375529.
146
Calculate the remainder when 52519786 is divided by 956.
14
What is the remainder when 482336 is divided by 14616?
8
Calculate the remainder when 57354 is divided by 333.
78
What is the remainder when 374992 is divided by 4268?
3676
Calculate the remainder when 811692 is divided by 382.
324
Calculate the remainder when 38299628 is divided by 5601.
5591
What is the remainder when 1081356 is divided by 560?
556
What is the remainder when 1079202 is divided by 39970?
12
Calculate the remainder when 4732032 is divided by 337992.
144
Calculate the remainder when 205318906 is divided by 256.
250
Calculate the remainder when 17852192 is divided by 36961.
29
What is the remainder when 13655208 is divided by 53973?
39
Calculate the remainder when 640901 is divided by 320430.
41
Calculate the remainder when 2097819 is divided by 560.
59
Calculate the remainder when 470263 is divided by 26111.
265
What is the remainder when 6791973 is divided by 323426?
27
What is the remainder when 3186478 is divided by 26?
22
Calculate the remainder when 95993859 is divided by 5859.
3
What is the remainder when 24704718 is divided by 1803?
12
What is the remainder when 133731975 is divided by 3980?
3975
Calculate the remainder when 2452497 is divided by 136.
9
What is the remainder when 4610433 is divided by 1152597?
45
What is the remainder when 84555382 is divided by 1565?
1562
Calculate the remainder when 43480 is divided by 124.
80
Calculate the remainder when 949835 is divided by 19383.
68
Calculate the remainder when 1459680 is divided by 36492.
0
Calculate the remainder when 38132 is divided by 36952.
1180
What is the remainder when 26869 is divided by 13419?
31
What is the remainder when 15646499 is divided by 475?
474
What is the remainder when 43587 is divided by 39327?
4260
What is the remainder when 9367 is divided by 109?
102
Calculate the remainder when 1607181 is divided by 2367.
2355
Calculate the remainder when 4188758 is divided by 1388.
1162
What is the remainder when 46289 is divided by 2928?
2369
What is the remainder when 12269874 is divided by 1818?
192
Calculate the remainder when 26382 is divided by 100.
82
Calculate the remainder when 473676 is divided by 915.
621
Calculate the remainder when 3852177 is divided by 71336.
33
What is the remainder when 24126404 is divided by 24?
20
Calculate the remainder when 234746 is divided by 185.
166
What is the remainder when 13273 is divided by 506?
117
What is the remainder when 98008 is divided by 145?
133
What is the remainder when 30863343 is divided by 1543167?
3
What is the remainder when 177517 is divided by 6764?
1653
What is the remainder when 7245 is divided by 2327?
264
What is the remainder when 490885 is divided by 65?
5
Calculate the remainder when 97782 is divided by 39.
9
Calculate the remainder when 87886796 is divided by 881.
879
Calculate the remainder when 669070 is divided by 92.
46
Calculate the remainder when 25808 is divided by 4162.
836
What is the remainder when 5497824 is divided by 611?
46
Calculate the remainder when 196544 is divided by 541.
161
What is the remainder when 526759 is divided by 18778?
975
Calculate the remainder when 569453 is divided by 531.
221
What is the remainder when 6800607 is divided by 3400303?
1
What is the remainder when 64526 is divided by 63752?
774
Calculate the remainder when 176629 is divided by 1309.
1223
What is the remainder when 4414551 is divided by 201?
189
What is the remainder when 339381 is divided by 119?
112
Calculate the remainder when 122473812 is divided by 528.
516
What is the remainder when 360887 is divided by 349?
21
Calculate the remainder when 589380 is divided by 589354.
26
Calculate the remainder when 32338 is divided by 2807.
1461
What is the remainder when 19181 is divided by 715?
591
What is the remainder when 97932496 is divided by 1822?
1818
Calculate the remainder when 12590821 is divided by 370318.
9
Calculate the remainder when 12761903 is divided by 535.
13
What is the remainder when 26864621 is divided by 7247?
7239
Calculate the remainder when 18037579 is divided by 693751.
53
Calculate the remainder when 49401 is divided by 23381.
2639
What is the remainder when 152576 is divided by 152537?
39
What is the remainder when 15911422 is divided by 36?
34
What is the remainder when 1640166 is divided by 378?
24
Calculate the remainder when 10226398 is divided by 100.
98
Calculate the remainder when 101028 is divided by 16750.
528
What is the remainder when 4239680 is divided by 8925?
305
Calculate the remainder when 1698798 is divided by 120.
78
Calculate the remainder when 744071 is divided by 18.
5
What is the remainder when 638226 is divided by 15949?
266
Calculate the remainder when 2192654951 is divided by 13478.
13477
Calculate the remainder when 36849112 is divided by 21524.
24
Calculate the remainder when 199553 is divided by 9500.
53
What is the remainder when 628347 is divided by 57122?
5
What is the remainder when 9174590 is divided by 7652?
7494
What is the remainder when 1108 is divided by 103?
78
Calculate the remainder when 10285 is divided by 3330.
295
What is the remainder when 15233249 is divided by 6150?
5849
Calculate the remainder when 100406 is divided by 32317.
3455
Calculate the remainder when 1206486 is divided by 94.
90
What is the remainder when 29728 is divided by 5532?
2068
What is the remainder when 194244600 is divided by 1108?
12
Calculate the remainder when 17467 is divided by 5381.
1324
Calculate the remainder when 974963 is divided by 423.
371
Calculate the remainder when 95841 is divided by 1660.
1221
What is the remainder when 3018202 is divided by 1509054?
94
What is the remainder when 23761669 is divided by 25?
19
Calculate the remainder when 53023 is divided by 537.
397